lse
Does 608 divide 11518?
False
Is 162 a factor of 116478?
True
Does 43 divide 683829?
True
Is 11498770 a multiple of 1795?
True
Does 54 divide 2772404?
False
Does 74 divide 50764?
True
Is 1017442 a multiple of 211?
True
Is 589361 a multiple of 19?
True
Is 117 a factor of 1868163?
False
Is 68816 a multiple of 23?
True
Is 26 a factor of 252564?
True
Is 399 a factor of 164063?
False
Is 17 a factor of 23732?
True
Is 174372 a multiple of 66?
True
Does 2 divide 361?
False
Does 22 divide 670538?
True
Is 1974467 a multiple of 11?
True
Is 142 a factor of 4288564?
False
Does 492 divide 4996752?
True
Is 13053626 a multiple of 6?
False
Is 20 a factor of 99028?
False
Does 4 divide 22039?
False
Is 61308 a multiple of 13?
True
Is 2107040 a multiple of 65?
True
Is 350 a factor of 1821620?
False
Is 164 a factor of 247987?
False
Is 109 a factor of 2584499?
True
Is 1167 a factor of 3147399?
True
Is 17885916 a multiple of 1136?
False
Is 14190960 a multiple of 15?
True
Does 49 divide 405515?
False
Is 132675 a multiple of 183?
True
Is 7 a factor of 41818?
True
Does 16 divide 1519240?
False
Is 229 a factor of 1540025?
True
Is 258834 a multiple of 179?
True
Is 288481 a multiple of 4?
False
Is 503162 a multiple of 6?
False
Is 874410 a multiple of 15?
True
Is 11 a factor of 1854779?
False
Is 195 a factor of 94575?
True
Does 103 divide 19869112?
True
Is 18 a factor of 383209?
False
Is 119 a factor of 966778?
False
Is 12 a factor of 819733?
False
Is 14 a factor of 975462?
False
Is 11257176 a multiple of 777?
True
Is 20 a factor of 109780?
True
Is 3 a factor of 258822?
True
Does 55 divide 23705?
True
Is 762 a factor of 18091390?
False
Is 551858 a multiple of 3?
False
Is 454325 a multiple of 18?
False
Is 4731 a multiple of 13?
False
Is 582162 a multiple of 249?
True
Is 13 a factor of 4531956?
True
Does 11 divide 282816?
False
Is 248 a factor of 477896?
True
Does 101 divide 471189?
False
Is 28 a factor of 76888?
True
Is 749386 a multiple of 11?
True
Does 17 divide 36590?
False
Is 8852718 a multiple of 262?
True
Is 298262 a multiple of 19?
True
Is 19 a factor of 532237?
False
Does 141 divide 794817?
True
Is 137660 a multiple of 11?
False
Is 4 a factor of 933324?
True
Is 122167 a multiple of 13?
False
Does 78 divide 49240?
False
Is 83160 a multiple of 22?
True
Is 1745787 a multiple of 94?
False
Is 3310256 a multiple of 16?
True
Is 406 a factor of 62081?
False
Is 151 a factor of 1156403?
False
Does 9 divide 28564?
False
Is 65199 a multiple of 32?
False
Is 3819178 a multiple of 890?
False
Is 4 a factor of 1760892?
True
Is 846393 a multiple of 589?
True
Is 2030070 a multiple of 816?
False
Does 284 divide 5073376?
True
Does 125 divide 214431?
False
Does 8 divide 32608?
True
Does 201 divide 500691?
True
Is 1095730 a multiple of 5?
True
Does 31 divide 155036?
False
Does 2 divide 30255?
False
Does 6 divide 2535629?
False
Is 23342355 a multiple of 69?
True
Does 50 divide 1712373?
False
Does 11 divide 985281?
True
Is 89 a factor of 859028?
True
Does 26 divide 785174?
True
Does 4 divide 374397?
False
Is 508 a factor of 2138680?
True
Is 105 a factor of 2626050?
True
Is 64560 a multiple of 60?
True
Does 7 divide 1824333?
True
Is 9 a factor of 472361?
False
Is 75083 a multiple of 54?
False
Is 34 a factor of 7564694?
True
Is 42 a factor of 997818?
False
Does 10 divide 197415?
False
Is 78240 a multiple of 24?
True
Is 7 a factor of 297466?
False
Is 23154560 a multiple of 320?
True
Is 202690 a multiple of 5?
True
Does 10 divide 149480?
True
Does 73 divide 385367?
True
Is 76896 a multiple of 144?
True
Is 809 a factor of 579249?
False
Is 459382 a multiple of 133?
True
Is 496 a factor of 13096880?
True
Is 16 a factor of 463434?
False
Is 184 a factor of 138368?
True
Does 811 divide 4373785?
False
Does 26 divide 459394?
True
Is 58530 a multiple of 887?
False
Is 15 a factor of 3443585?
False
Is 14501872 a multiple of 88?
True
Does 151 divide 1196002?
False
Does 51 divide 141321?
True
Is 89536 a multiple of 40?
False
Is 40 a factor of 214350?
False
Is 21 a factor of 160083?
True
Is 1265215 a multiple of 977?
True
Does 24 divide 137344?
False
Is 683 a multiple of 2?
False
Does 15 divide 735900?
True
Is 30 a factor of 6750?
True
Does 249 divide 323946?
False
Is 638 a factor of 141211?
False
Does 112 divide 194433?
False
Does 86 divide 19705782?
True
Is 61 a factor of 285793?
False
Is 31 a factor of 112933?
True
Does 273 divide 833704?
False
Does 13 divide 2365675?
True
Does 60 divide 109020?
True
Is 4514962 a multiple of 47?
False
Is 13 a factor of 1672424?
True
Does 44 divide 2639340?
True
Is 510059 a multiple of 476?
False
Does 8 divide 454184?
True
Does 26 divide 1846806?
True
Is 382393 a multiple of 25?
False
Is 35 a factor of 1838760?
True
Does 848 divide 1043935?
False
Is 293 a factor of 317084?
False
Does 32 divide 1244128?
True
Is 1942 a factor of 3068806?
False
Is 74 a factor of 2581160?
False
Is 266 a factor of 110124?
True
Does 16 divide 386240?
True
Is 336 a factor of 279888?
True
Does 215 divide 1469476?
False
Does 708 divide 19734792?
True
Is 32079 a multiple of 17?
True
Is 3432 a multiple of 22?
True
Is 131378 a multiple of 45?
False
Is 16 a factor of 299742?
False
Is 7 a factor of 1733966?
False
Is 62418 a multiple of 618?
True
Does 193 divide 3155936?
True
Is 905 a factor of 2101402?
False
Is 2 a factor of 29188?
True
Is 7 a factor of 1250011?
True
Does 4 divide 13832?
True
Is 21 a factor of 2825172?
True
Is 471498 a multiple of 7?
False
Does 111 divide 70707?
True
Does 51 divide 536622?
True
Does 172 divide 3871194?
False
Does 15 divide 3687689?
False
Is 18 a factor of 740556?
True
Is 120689 a multiple of 26?
False
Is 385476 a multiple of 14?
True
Is 254751 a multiple of 49?
True
Is 376 a factor of 1141737?
False
Does 626 divide 683592?
True
Does 55 divide 3599530?
True
Is 35146254 a multiple of 1794?
True
Is 579 a factor of 5650449?
False
Does 26 divide 785421?
False
Does 1108 divide 2597152?
True
Is 1987920 a multiple of 66?
True
Is 60 a factor of 686580?
True
Is 200 a factor of 574177?
False
Is 2764436 a multiple of 4?
True
Is 7 a factor of 129155?
False
Is 138754 a multiple of 119?
True
Does 576 divide 3207252?
False
Is 43344 a multiple of 14?
True
Is 53 a factor of 11715473?
False
Is 4 a factor of 53946?
False
Does 19 divide 167458?
False
Does 18 divide 188730?
True
Does 16 divide 510860?
False
Is 704 a factor of 1141876?
False
Does 78 divide 208463?
False
Is 613254 even?
True
Is 431990 a multiple of 394?
False
Is 3435460 a multiple of 140?
True
Does 127 divide 4846490?
False
Is 12 a factor of 2135580?
True
Is 16 a factor of 868480?
True
Does 618 divide 2891437?
False
Is 86 a factor of 15394?
True
Is 1346055 a multiple of 95?
True
Is 1513058 a multiple of 173?
True
Is 50 a factor of 553850?
True
Does 116 divide 442386?
False
Is 7 a factor of 11191?
False
Is 18 a factor of 1566?
True
Is 19929 a multiple of 5?
False
Is 52 a factor of 60372?
True
Does 17 divide 7935889?
True
Is 4376208 a multiple of 272?
True
Does 36 divide 9743796?
True
Does 12 divide 67014?
False
Is 6 a factor of 123803?
False
Is 1134 a factor of 6588540?
True
Does 20 divide 4892080?
True
Is 99 a factor of 1581843?
False
Is 256624 a multiple of 172?
True
Does 79 divide 38789?
True
Is 27 a factor of 8370?
True
Is 194 a factor of 335038?
True
Does 340 divide 273020?
True
Is 150 a factor of 680850?
True
Is 27 a factor of 3609640?
False
Is 89 a factor of 366769?
True
Is 255 a factor of 4332131?
False
Does 57 divide 110979?
True
Does 14 divide 205520?
True
Does 249 divide 199207?
False
Is 338255 a multiple of 348?
False
Is 4224 a multiple of 128?
True
Does 13 divide 40399?
False
Is 110 a factor of 1037147?
False
Does 13 divide 157535?
False
Is 586 a factor of 1108126?
True
Is 8 a factor of 135384?
True
Is 15 a factor of 326475?
True
Is 239 a factor of 120943?
False
Is 780 a factor of 124800?
True
Is 21557746 a multiple of 98?
True
Does 51 divide 1943049?
True
Is 130356 even?
True
Is 72094 a multiple of 29?
True
Does 11 divide 1185250?
True
Is 747 a factor of 10009350?
False
Is 72218 a multiple of 82?
False
Is 24 a factor of 279947?
False
Is 35434 even?
True
Is 4254155 a multiple of 29?
True
Is 21175 a multiple of 11?
True
Is 1707165 a multiple of 295?
True
Is 576887 a multiple of 42?
False
Is 3 a factor of 1051